-58. Suppose -2*s - a = 228. Let d = 224 + s. Calculate the remainder when d is divided by 18.
17
Let x = -3126 + 3191. Calculate the remainder when 188 is divided by x.
58
Suppose 0 = 3*j + q + 9 - 43, j = -4*q + 15. Let v(c) = 6*c**2 - c - 2. Suppose -3*i + 6*i - 6 = 0. What is the remainder when v(i) is divided by j?
9
Suppose 7*o - 64 = -38 + 16. What is the remainder when 57 is divided by o?
3
Let t = 385 + 110. Suppose 5*o + 4*u - 3*u - t = 0, 0 = 5*o + 2*u - 495. Calculate the remainder when o is divided by 28.
15
Let o = -14347 - -14417. Calculate the remainder when 973 is divided by o.
63
Suppose -c + 4*c - 273 = 0. Suppose 10 = l + 18*p - p, 4*l + 4*p - 104 = 0. Calculate the remainder when c is divided by l.
10
Let q(d) be the second derivative of d**5/20 - 11*d**4/12 + 13*d**3/6 - 5*d**2 + 16*d. Calculate the remainder when q(12) is divided by 49.
45
Suppose -6*f + 83 = -94 + 45. What is the remainder when 932 is divided by f?
8
Suppose 5*c - 34 = 4*c. Suppose -4*r = 3*k - 5*k + 184, r - 989 = -11*k. What is the remainder when k is divided by c?
22
What is the remainder when 1959 is divided by (-304)/112*-21 + -20?
35
Calculate the remainder when ((-247)/(-13) - 34)*130/(-3) is divided by 34.
4
Let q(b) be the second derivative of -3*b**5/20 - 5*b**4/12 + 2*b**3/3 - 5*b**2/2 - 10*b. Calculate the remainder when (0 + -1)/(7/(-917)) is divided by q(-3).
17
Let w = -38126 - -38183. Let i = -46 + 77. What is the remainder when w is divided by i?
26
Let m(b) = -b**3 + 13*b**2 + 11*b - 3. Let v be m(12). Let k = v + -254. What is the remainder when 131 is divided by k?
17
Suppose -3*i + 21 = -2*n, -3*i - 2 + 35 = -3*n. Let x(v) = -25*v - 56. What is the remainder when x(n) is divided by 19?
16
Suppose 0 = 2*s - 12, b - 12*s = -7*s + 324. Calculate the remainder when b is divided by 145.
64
Let p = 28615 + -28525. Calculate the remainder when 3174 is divided by p.
24
Let k = 101 + -42. Suppose -z + 141 = 5*t, -3*z = -2*t + 11 + 42. Let c = 43 - t. What is the remainder when k is divided by c?
14
Let y(i) be the first derivative of -i**3/3 + 13*i**2/2 - 18*i + 12. Let w be y(13). What is the remainder when 41 is divided by (264/w)/(4/(-6))?
19
Suppose -154 = -d - 5*n, 338*n - 333*n = 3*d - 582. What is the remainder when 234 is divided by d?
50
What is the remainder when 469 is divided by (-10)/(-30) + 1435/15?
85
Suppose b - s = 99 + 494, -2*b + s + 1183 = 0. What is the remainder when b is divided by 120?
110
Let j = -29908 + 33185. What is the remainder when j is divided by 1630?
17
Suppose 5*l - 6161 = -2*o, 2*l + o = -3*o + 2490. Calculate the remainder when l is divided by 17.
5
Let p(s) = 6*s**3 + 13*s**2 - 49*s - 9. Let u = 15 + -6. Calculate the remainder when p(3) is divided by u.
6
Let v = -6308 - -6319. Calculate the remainder when 121 is divided by v.
0
Let k(o) = 577*o - 4022. Calculate the remainder when 107 is divided by k(7).
5
Suppose -r = -2*r + 3*v + 11, -v + 43 = 3*r. Suppose 5924 + 1888 = r*g. What is the remainder when g is divided by 8?
6
Let c(w) = 11*w**2 - 14*w - 19. Let o be c(7). Let j = o + -377. What is the remainder when 88 is divided by j?
43
Let m = 71 + 0. Let r(o) = o**2 + 4. Suppose 0*q + 4 = -2*q, -5*q + 6 = -4*s. What is the remainder when m is divided by r(s)?
11
Suppose 0 = -61*y + 57*y + 36. Let c(r) = 13*r - 4. What is the remainder when c(2) is divided by y?
4
Let h(y) = -34*y - 1895. Calculate the remainder when h(-61) is divided by 103.
76
Let j = 476 - 476. Suppose 22*y - 749 - 263 = j. Calculate the remainder when 318 is divided by y.
42
What is the remainder when 9530 + 38 + 0 + 52/(-4) is divided by 118?
115
Suppose 0 = -174*b + 45*b + 40893. Calculate the remainder when b is divided by 51.
11
Suppose 7*z - 244 - 225 = 0. Suppose 71*v - 32 = z*v. Suppose 11*x = v*x + 249. What is the remainder when x is divided by 21?
20
Let k = 13439 + -13319. Calculate the remainder when 444 is divided by k.
84
Let r = 4 - 1. Suppose 0 = -2*o + 15 + r. Suppose 0 = -89*d + 107*d - 612. What is the remainder when d is divided by o?
7
Suppose 33*f + 5419 - 41243 = 17*f. What is the remainder when f is divided by 21?
13
Let v(b) = -b**3 - 3*b**2 + 7*b - 44. Calculate the remainder when 831 is divided by v(-6).
17
Let y = 44 + 99. Calculate the remainder when y is divided by 3168/81 + -3 - 1/9.
35
Suppose u - 4 = -z + 1, 3*z = -4*u + 24. Let p = -12737 - -12760. Calculate the remainder when p is divided by u.
5
Suppose -5*y = 2*u - 226, 7*y - 6*y + 3*u = 40. Suppose -2*b + 46 = 4*f, 8*b = 6*b + 5*f + y. Calculate the remainder when 94 is divided by b.
2
Suppose -129 = 3*n - 492. What is the remainder when n is divided by (-549)/(-18) + 2/16*4?
28
Suppose 6132 = 45*s - 38*s. Let g = -689 + s. Calculate the remainder when g is divided by 38.
35
Let g = -7950 + 9688. What is the remainder when g is divided by 87?
85
Let n be (-76)/19*((-3)/2 - 0). Suppose 110 = n*y - y. Calculate the remainder when (-59)/(-1) - (-36 - -32) is divided by y.
19
Let j = -4962 + 5000. What is the remainder when j is divided by 23?
15
Let d(c) = -2*c**3 - 20*c**2 - 21*c + 9. Let o(f) = f**3 + 20*f**2 + 20*f - 8. Let a(p) = -2*d(p) - 3*o(p). What is the remainder when 206 is divided by a(21)?
68
Let n = -169 - -182. Suppose -6*o + 10 = -o. Let l(k) = 50*k - 10. Calculate the remainder when l(o) is divided by n.
12
Suppose 241*i = 246*i + 4*w - 1922, 5*w + 367 = i. What is the remainder when 1158 is divided by i?
12
Let r = -2344 - -3441. What is the remainder when r is divided by 157?
155
Suppose 42*q + 2 = 43*q. Suppose -5*s + w + 20 = 0, -q*w = -6*w + 20. Suppose 2*d + 34 = 4*d. Calculate the remainder when d is divided by s.
2
Suppose -6*q + 789 = -3*q. Calculate the remainder when q is divided by -10 + 153/17 - 162/(-3).
51
Let n = 47 + -45. Let m be n/(-3)*((-2 - -1) + -2). Calculate the remainder when 75 is divided by m/(0 - -1) + (-34)/(-2).
18
Let f = 305 - 291. Suppose -f*t + 132 - 34 = 0. What is the remainder when 894 is divided by t?
5
Let j(v) = 44*v + 679. What is the remainder when j(-13) is divided by 62?
45
Let z = 37424 - 37392. What is the remainder when (-174 - 0)*(-2)/3 is divided by z?
20
Suppose 196*b - 200*b + 12 = 0. Suppose 3*x - 17 - 14 = -2*h, -4*h + b*x + 35 = 0. What is the remainder when 49 is divided by h?
5
Let v(w) = -w**2 - 108*w - 508. Calculate the remainder when 13 is divided by v(-103).
6
Let j be 5 + 1/((-2 - -1)/(-1)). Calculate the remainder when (-2)/(-6) - (-1288)/j is divided by 55.
50
Let i be ((-5)/(-45)*-3 - -6)*3. Suppose 0 = b + 4, j - 4*b - i = 5. Calculate the remainder when 309 is divided by j.
3
Suppose 2*m - 5*m = -5*s + 361, s + 4*m - 86 = 0. Let n = 1207 - 1196. What is the remainder when s is divided by n?
8
Calculate the remainder when (-27862)/(-7)*(-161)/(-598)*13 is divided by 162.
161
Calculate the remainder when (-156)/(-1) + ((-3)/2)/((-6)/12) is divided by 25.
9
Let h = 5020 - 4093. What is the remainder when h is divided by 49?
45
Let o(q) = -q - 11. Let i be o(-14). Suppose -3*f = u - 272, -2*u + i*f = -f - 564. Calculate the remainder when u is divided by 31.
30
Let s = 8226 + -8186. Calculate the remainder when 395 is divided by s.
35
Suppose 0 = h - 1148*a + 1150*a - 61, 5*a = 3*h - 117. What is the remainder when -1*2*(-191)/2 is divided by h?
44
Suppose 4*t = 5*m - 0*m + 8, 4*m - t + 2 = 0. Suppose m = -b + 4*x - 10, -4 - 10 = -3*b + x. Let l = 2 + 8. What is the remainder when l is divided by b?
4
Let k = -39 + 41. Let d be 3/6*-1 - 169/k. Let i = 155 + d. Calculate the remainder when i is divided by 18.
16
Let n = -26026 - -26057. Calculate the remainder when 1606 is divided by n.
25
Let c = 172 - 113. Let g = -28 - -50. What is the remainder when c is divided by g?
15
Let d(x) = 7*x - 29. What is the remainder when (-12)/9*(-150)/4 is divided by d(6)?
11
Let n(o) = 113*o**2 - 92*o + 3. Calculate the remainder when n(-3) is divided by 643.
10
Let n = 56 - 48. Suppose -10*g + n = -11*g. Let j = 1 - g. Calculate the remainder when 17 is divided by j.
8
Suppose 0 = 3*h + f - 571, -2*h + 193 = -h + f. What is the remainder when h is divided by 68?
53
Let o(s) = -2*s**3 - 34*s**2 - 160*s + 17. Calculate the remainder when o(-6) is divided by 59.
8
Suppose 0 = -4